 = n + p. Suppose -1018 = -n*k - 233. Is k a prime number?
True
Let o(y) = y**3 - 9*y**2 + 6*y + 11. Let c(d) = -5*d - 7. Let h be c(-3). Let s be o(h). Is -890*-2*s/(-20) a prime number?
False
Let q(s) = 2*s - 11 - 4*s + 0*s + 11*s**2 + 4*s. Is q(-10) a composite number?
False
Suppose -2*k + p + p = -4, 4*k + 2 = -p. Suppose 0 = -4*b - 8, k = 3*t - b - b - 1585. Is t a composite number?
True
Let w = -26 + 18. Let g be 3944/(-9) - w/36. Let m = -233 - g. Is m a prime number?
False
Let l = 127 - -49. Suppose 2*p - 492 = l. Is p a prime number?
False
Let g(n) = 40*n - 29. Let j = -12 - -28. Is g(j) a prime number?
False
Let o = -19 - -23. Let n(z) = -z**3 + 4*z**2 + 2*z + 3. Is n(o) a prime number?
True
Let n(z) = 2*z**2 - 2*z - 1. Let w be n(-1). Let g = 1 + w. Suppose g*c = 3*a + 290, 0 = c - 3*a + 2*a - 73. Is c composite?
False
Let h(c) = -34*c + 89. Let q be h(9). Let l(k) = -16*k**3 - 4*k**2 - 1. Let g be l(-3). Let t = q + g. Is t prime?
False
Let w be 1/3 - 143/33. Let d(f) = -2*f**2 - 3*f**3 + 2*f + 4*f**2 + 0*f**2 + 5. Is d(w) prime?
False
Let v(w) = w**2 - 8*w - 121. Let s be v(16). Suppose 3*m + m - 392 = 0. Is ((-489)/(-6))/(s/m) a composite number?
True
Let j(h) = 3594*h + 195. Is j(3) a composite number?
True
Is (4/12)/((-4)/(-5340)) composite?
True
Let z = 2265 + -4023. Let u = 4691 + z. Is u a composite number?
True
Let c(l) = 7*l**2 - 330*l + 79. Is c(56) composite?
True
Let o(k) = 75*k - 6. Suppose s + 2*s = 6. Let r(f) = 15*f - 1. Let x(z) = s*o(z) - 11*r(z). Is x(-10) prime?
True
Is (3/12*2)/((-11)/(-271546)) prime?
True
Suppose -6*o = -4*o. Suppose -4*y + o*y + 20 = 0. Suppose y*q - 171 = 84. Is q a prime number?
False
Let q(a) be the second derivative of -a**3/6 + 5*a**2 + 3*a. Let j be q(9). Is (j*-65)/(-8 - -7) a prime number?
False
Suppose 4*c + 0*c = 56. Suppose c*w - 12*w - 10 = 0. Suppose 0 = 2*s - 2, -w*s + 94 = a - 102. Is a a composite number?
False
Let a(r) = -r + 20. Let o be a(16). Suppose -4*h - 25 = h, o*h = m - 423. Is m a prime number?
False
Let y(u) = 756*u - 73. Is y(9) prime?
False
Suppose r = b - 2*b + 636, -2*r + 1275 = 3*b. Is 2*r/12*2/1 prime?
True
Let m(o) = 10*o**2 + 8*o + 34. Is m(-14) prime?
False
Let d be (14/(-6) + 1)/(9/(-27)). Suppose c - a - 125 = -d*c, -2*c + 50 = -a. Is c a prime number?
False
Let s(k) be the first derivative of 1/3*k**3 + 3/2*k**2 - 4*k - 12. Is s(3) composite?
True
Suppose 44 = 2*f + 3*r, 3*f + f - r = 102. Suppose 5*i = f + 70. Is i a prime number?
True
Let o(s) = 10362*s - 67. Is o(4) a prime number?
True
Let j = 4 + 11. Let i be 28/j - 2/(-15). Suppose -3*k + 643 = 3*u - i*u, 0 = 5*u - 5*k - 3255. Is u prime?
False
Let d = -10 + 14. Suppose -5*l - 2 = 4*g, 1 - 15 = -l + d*g. Suppose -l*u + 2250 = 412. Is u a composite number?
False
Is ((-100)/15 - -6) + 26926/6 composite?
True
Is (-6)/(-8) + (-48292)/(-16) a composite number?
False
Suppose -2*n + 10 = -3*h, 5*h = 4*n - 29 + 11. Let y = -589 + 812. Suppose 0 = n*w - w - y. Is w prime?
True
Let x = 39 - 38. Is 3*x - (1 - 4047)*1 a composite number?
False
Is 2*2/4 + (2343 - 11) a composite number?
False
Let o = 22487 - 3210. Is o a prime number?
False
Suppose 5*z - 14 = 3*r - 4, -3*z - 3*r = -6. Suppose 0 = -3*k + z*k. Suppose -4*y + l + 752 = k, 2*y + 728 = 6*y + 5*l. Is y composite?
True
Suppose -5*f + 16587 = 4*f. Is f prime?
False
Suppose 0 = 16*k - 45403 - 70485. Is k prime?
True
Let c(t) = 2*t**2 - 6*t + 2. Let r be 2/(-4)*20/2. Is c(r) a composite number?
True
Suppose 65 = -3*d + 2*o, 0 = 5*d - 3*o - 0*o + 107. Let k = 18 + d. Is ((-218)/4)/(k/2) a prime number?
True
Let v = -2683 + 4842. Is v prime?
False
Suppose 2*y - 2*d = 952, 5*d = 2*y - 7*y + 2400. Is y a composite number?
True
Suppose -3*v + 3*m = -0*m - 12, 2*m = 4. Suppose 0 = -v*c + 16203 + 459. Is c a prime number?
True
Let u = 1436 + -860. Let f = 911 - u. Is f a composite number?
True
Suppose -11*x + 5*x = -36. Suppose -8*o + 2962 = -x*o. Is o prime?
True
Suppose 569 = 3*j + 23. Suppose 0 = 3*o - o - j. Is o composite?
True
Let n(d) = 34*d**2 - 2*d - 1. Let i be n(-1). Suppose -2*h + 7*h - i = 0. Suppose -4*v + 5*l = -h*v + 553, -5*l = 4*v - 744. Is v composite?
False
Suppose 4*m - 3818 = 6*h - h, h + 770 = 4*m. Is (-1 - 6/(-9))*h prime?
False
Suppose 6*c - 19 = -1. Suppose -476 = -c*t + 1291. Is t a composite number?
True
Let a(n) = 7*n**2 - n - 7. Suppose 0 = -2*r - 3*r + 25. Suppose -r*f = -14 - 11. Is a(f) a prime number?
True
Let p be (-1 + 2)*-328*3. Let k = -521 - p. Is k composite?
False
Let x(q) = -94*q + 1. Let g be x(-2). Suppose g - 634 = -t. Is t a composite number?
True
Let p(i) = -7*i**2 - i - 11. Let a(h) = -9*h**2 + h - 10. Let t(r) = -4*a(r) + 3*p(r). Let o = -7 - -12. Is t(o) a composite number?
False
Is (-3)/(-12) - 16196/(-32)*6 a composite number?
False
Suppose v = 5*b - 4*b + 1, 2*v - 6 = 3*b. Let q be (v/(-5))/((-7)/(-35)). Suppose t + 310 = q*t. Is t prime?
False
Let l(f) = 14811*f - 241. Is l(8) a composite number?
False
Let u be (155/2)/((-4)/(-8)). Suppose u = b - 2*h - 112, -3*h = 5*b - 1335. Is b a prime number?
False
Let g(s) = 4*s - 605. Let o be g(0). Let z = o + 1414. Is z a composite number?
False
Let o(h) be the third derivative of 323*h**5/60 - h**4/4 - h**3/3 - 17*h**2. Is o(3) a composite number?
False
Suppose -s = -3*s + 3*c - 442, 0 = 2*c - 8. Let l = 342 + s. Is l composite?
False
Let x(u) = -u**3 + 3*u**2 + 5*u + 1. Suppose -2*g + 11 = v, -4*g + v = -0*v - 13. Let w be x(g). Suppose w*s - 89 = 4*s. Is s a composite number?
False
Let d(p) = p**2 + 18*p - 479. Is d(60) composite?
False
Let z = 18 - 16. Suppose -4*q + 5 = x, -3*q + q - 2 = z*x. Let u(t) = 11*t**3 + t**2 + t - 1. Is u(q) a composite number?
True
Let w(q) = -q**2 + 2*q + 4. Let v be w(0). Suppose -2*z + v*z = 1436. Suppose -2*t + z = -h - 587, 5*t - 3267 = -2*h. Is t a composite number?
False
Suppose 14 = 13*b - 14*b. Let m = -12 - b. Is 1172/8*m - 0 a prime number?
True
Suppose 1612 = 5*v - 1593. Is v a composite number?
False
Let b be 0/(-4 - 12/(-4)). Suppose b = 6*v + 2 - 14. Is 2/v + (65 - -1) a prime number?
True
Let p = -295 + 196. Is 8342/22 - 6*(-3)/p composite?
False
Let c = -28 + 28. Suppose 6*k - 641 = -2*y + 3*k, -3*y + 5*k + 1009 = c. Suppose a - 73 = -v, -3*v - y = -4*a + 2*v. Is a a composite number?
True
Let g(j) = 42*j + 3. Suppose 7 + 2 = -3*w + 3*m, -w - 4*m = -22. Is g(w) composite?
True
Suppose -47*q = -49*q - 2. Is 0 - 13*(-4 - q) a composite number?
True
Is (-3)/(-2)*425138/21 a prime number?
True
Let p(y) = 2*y + 10. Let c be p(0). Suppose q = c*q - 6867. Is q a prime number?
False
Let q(n) = -76569*n - 8. Is q(-1) prime?
True
Suppose -b + 4 = 0, 2*h - h = 3*b + 2. Let r = h + -20. Is (15/r)/((-4)/40) composite?
True
Suppose -11*f = -6*f - 10. Suppose 25 = 3*s + f*o - 18, 3*s - 48 = 3*o. Is s a composite number?
True
Let q be 3 - 0/(2 + -4). Suppose 27 - q = -5*a - u, 0 = a + 4*u + 20. Is (-5 - a)/((-1)/557) prime?
True
Suppose x - 2033 = 47810. Is x prime?
True
Let f(b) = 2*b**3 + 2*b**2 - 2*b. Let d be f(-2). Let s = -9 + 4. Is (-921)/(-5) + d/s a prime number?
False
Suppose d = -3*c + 25022, 2*c = -3*d + 4870 + 11809. Is c a prime number?
False
Let i = 376 + 1001. Suppose 7*t + i - 6410 = 0. Is t a prime number?
True
Suppose 10*t + 79736 = 18*t. Is t a composite number?
False
Suppose -4*c = 5*m + 38, -m + 2*m + 5*c = -16. Let k(s) = -410*s + 19. Is k(m) a composite number?
True
Let x = 16822 - -21619. Is x prime?
False
Let k(g) = 12*g**3 + 2*g**2 + 4*g + 8. Let r be 6 - -2 - (3 + -1). Let b be k(r). Suppose -4*f + 2*o = -b, f - 663 = -9*o + 4*o. Is f prime?
True
Let t(z) = 11*z**3 + 4*z**2 - 36*z + 5. Is t(7) prime?
False
Let p(l) be the third derivative of -l**5/60 - l**4/24 + l**3/3 + 6*l**2. Let s be p(-2). Suppose z = -s*z + 267. Is z a prime number?
False
Let n(q) = -q**2 - 37*q + 49. Let p be n(-37). Suppose -m = m - 250. Suppose -a + w = -m - p, -a + 2*w = -170. Is a a composite number?
True
Suppose 0 = -5*u - 39 - 2286. Let z = 932 + u. Is z a composite number?
False
Let q(k) = 275*k**2 - 11*k - 29. Is q(-3) a composite number?
True
Let d(k) = -k**3 - 4*k**2 + 4*k - 4. Let z be d(-5). Let a(v) = 207*v**3 - 2*v**2 - v + 2. Let q be a(z). Let p = q - 121. Is p prime?
False
Suppose 18*i - 442 = 17*i. Let o = 1